-4*r + 5*g + 90. Suppose 5*s + r = 0, -18 = -2*h - 0*h - 5*s. What is the units digit of h?
9
Suppose 4*j + 0*j + 4 = 2*w, 5*j + 14 = 4*w. Suppose 2*h = 4*s - w - 12, -4*s + 21 = -5*h. What is the units digit of s?
4
Let x be (-6)/10 - 3/(-5). Let g(q) = -q**2 - q + 60. Let w be g(x). Let l = w + -43. What is the tens digit of l?
1
Suppose -5*j = 13*s - 11*s - 99, -2*s = 3*j - 57. What is the units digit of j?
1
Let a(w) = 2*w - 5 - 3*w + 0*w. Let t be (-1)/((4/(-18))/(-2)). What is the units digit of a(t)?
4
What is the units digit of 119/4 + 6/24?
0
What is the tens digit of ((-1)/(-3))/1 - 332/(-3)?
1
Let u = 24 - 12. What is the tens digit of u?
1
Let t(z) = -2*z - 3. Let w be (14/(-8))/(3/12). What is the tens digit of t(w)?
1
Suppose -5*s - 3*u = -426, 1 = -u + 3. What is the tens digit of s?
8
Let a = 35 + -11. Let h = a + -7. What is the units digit of h?
7
Let r = 3 - -174. What is the units digit of r?
7
Let z be 12/(-42) - (-508)/14. Let q = -25 - 1. Let p = z + q. What is the units digit of p?
0
Let y(z) = z**2 - z - 5. Suppose 3*l = 2*l. Suppose -4*a + 19 - 3 = l. What is the units digit of y(a)?
7
Let a(n) = -10*n + 1. Let u be a(-1). Let z = u - 5. Suppose -z = -q - 0. What is the units digit of q?
6
What is the hundreds digit of (-2)/(1/(-3)*(-96)/(-6992))?
4
Suppose 2*w + 1 = 5. Suppose 2*f - w = -0. What is the units digit of f?
1
Let k(v) = 2*v + 2. Let r be k(6). Suppose 0 = 4*l - l - 2*n + r, 2*l + n + 7 = 0. What is the units digit of (-19)/l - 2/(-8)?
5
Let h = 7 - -14. Suppose 5*c = -0*c - m - h, 5*m + 25 = -5*c. What is the units digit of c*(21/(-12) + 0)?
7
Let q = 14 + -6. What is the units digit of q?
8
Let r(v) = 3*v**2 + 6*v - 7. What is the units digit of r(4)?
5
Let g(t) = -3*t**2 - 1 - 3*t - 3*t**3 - t**3 + 5*t**3. Let l be g(4). Let n = l - 1. What is the units digit of n?
2
Let i(j) = j - 1. Let z(h) = 3*h - 2 - 4 + 5. Let o(u) = 2*i(u) - z(u). What is the units digit of o(-2)?
1
What is the tens digit of 1648/15 + (-188)/(-60) + -3?
1
Let i be 4 + -2*(-1)/2. Suppose 0*j = i*o + 2*j - 31, 0 = 4*j - 12. Suppose -2*p + 4*a + 46 = -a, -o*p + 100 = -5*a. What is the tens digit of p?
1
Suppose y = -2*y + 9, -5*u = -2*y - 4. What is the units digit of ((-51)/6)/((-1)/u)?
7
Let c be (-6 + 0)/(4/(-26)). Let l = c + -22. What is the tens digit of l?
1
Let f(y) = -y**3 - 10*y**2 + 5*y - 1. Let i(p) = 2*p**3 + 21*p**2 - 9*p + 2. Let h(t) = -5*f(t) - 2*i(t). What is the tens digit of h(-8)?
5
Suppose g + y - 104 = -0*y, 3*y + 416 = 4*g. What is the hundreds digit of g?
1
Suppose -3*x + 28 = 4*w, x + 5*w - 16 = 2*w. Suppose -2*d - x = -d. What is the units digit of -1 + (0 + 2 - d)?
5
Suppose -9*f + 6*f = 273. What is the tens digit of f/7*(-3 - -2)?
1
Suppose -4*b + n - 20 = 0, -b - 2*n = -2 - 2. Let r(v) be the third derivative of -v**5/60 - 7*v**4/24 - 5*v**3/6 + v**2. What is the units digit of r(b)?
7
Let j = 2 + -5. Let v = 6 + j. Suppose -2*q = v*q - 60. What is the tens digit of q?
1
What is the tens digit of 262*((-33)/(-6))/11?
3
Let f(t) = -4*t - 3. Let o be f(-5). Let s = o - 11. Let x = -4 + s. What is the units digit of x?
2
Suppose -q - 17 = -5*b, -2*q - 2 + 4 = -b. What is the tens digit of 1/((b/2)/66)?
3
Let z = -46 - -75. What is the units digit of z?
9
Let u = 94 + -69. What is the units digit of u?
5
Suppose o - 26 = -4*n, -5*n + 28 = -6*o + 5*o. What is the units digit of n?
6
Let u(z) = -z - 2. Let g be u(-5). Suppose -q + 0*q - 5 = -4*p, 5*p = 10. Suppose 0 = g*b + j - 32, -q*j = j - 8. What is the tens digit of b?
1
Let w = -19 - -59. Suppose -3*t - 2*t + w = 0. What is the units digit of t?
8
Let u = -6 - 2. Let s = u - -9. What is the units digit of s?
1
Let r(w) = -w**3 + 4*w**2 - 1. Let i be r(4). Let v = i + 3. Suppose 3*y + v = 5. What is the units digit of y?
1
Let m(d) be the first derivative of -d**3/3 + d**2/2 + 17*d - 5. What is the units digit of m(0)?
7
Suppose 4*l + 3*d - 115 = -0*l, 115 = 5*l - 2*d. Suppose -2*p + q + 43 + 4 = 0, 0 = 5*q + l. Let v = -15 + p. What is the units digit of v?
6
Let a(l) = l**3 - 6*l**2 - 4*l - 8. Let r be a(7). Let m = -3 - -1. What is the tens digit of -2*r*1/m?
1
Let b(s) = s**2 - 2*s + 22. What is the tens digit of b(0)?
2
Suppose -12 = n - 5*n - 3*c, -3*n + 2*c = 8. Suppose n*o + 24 = 4*o. Suppose 0*x + 2*l - 8 = -2*x, x = -2*l + o. What is the units digit of x?
2
Let h(t) = -2*t - 3. Let z be h(-4). Suppose 6 = -z*j + 21. Let m = j - 2. What is the units digit of m?
1
Suppose 0 = -t + 5*b + 33, -7*b + 2*b - 119 = -3*t. What is the tens digit of t?
4
Let p be (-2)/(-5) - 28/(-5). Let a = p + -1. What is the units digit of a?
5
Let k = -180 - -327. What is the units digit of k?
7
Let g(y) = 2*y**2 + 2*y - 1. Let x be g(1). Suppose -2*l + 13 - x = 0. Suppose 27 - 7 = l*j. What is the units digit of j?
4
Suppose f = 4*z + 4, f - z = -2*z - 11. Let x be f/(-2) - (-2 - 0). What is the units digit of (x/5)/((-6)/(-20))?
4
Let j(s) = -s**3 + 8*s**2 - 3*s - 9. What is the units digit of j(7)?
9
Let g(b) = b - 5. Let u be g(5). Suppose u*h + 30 = 2*h. Suppose -4*f - f = -h. What is the units digit of f?
3
Suppose 5*k - s - s - 164 = 0, s = 3*k - 98. Let b = k - 1. Suppose 3*p = 3*y - 6, 2*p + 8*y - b = 3*y. What is the units digit of p?
3
Let s(h) = h**2 + 8*h - 12. Let a be s(-9). Let l = a - -8. Let d = l - 4. What is the units digit of d?
1
Suppose -3*c + 97 = 28. Let m = -13 + c. What is the units digit of m?
0
What is the tens digit of -7*(-4 - -1) + -2?
1
Suppose 0 = 2*o + 2*l - 10, -l - 2 = -2*l. Suppose k + 3*h = 15, 2*k - o*h = k + 3. What is the units digit of k?
9
Suppose -d + 4*n + 24 = 3*d, -3*d + 4*n + 22 = 0. Suppose v = d*v - 5. What is the units digit of v?
5
Suppose -16 = -3*x + 26. Let n = 16 + -7. Let c = x - n. What is the units digit of c?
5
Let i be (-6)/33 - (-2)/11. Suppose -6*f + f + 115 = i. What is the units digit of f?
3
Suppose -7*a + 12*a - 885 = 0. What is the hundreds digit of a?
1
Let l(h) = 5*h. Let i be l(1). Suppose -13 = p - 3*k, 4*k - i*k - 3 = -4*p. What is the units digit of p?
2
Let i(m) = -2*m**2 + 2*m - 2. Let b be i(3). Let g = b + 20. What is the units digit of 10/6*g*1?
0
Let c = -10 - -12. Suppose -8 = -c*i - 2*i. Suppose 0 = -3*n - 5*k + 24, 3*n + k = i*n + 6. What is the units digit of n?
3
Suppose 3*g + 3*h = 93, -2*g + 5*h + 21 = -13. What is the units digit of g?
7
Let s be 4*(-2*1 - -3). Suppose -b + s = -2*b. What is the units digit of b/(-14) - 20/(-28)?
1
Suppose 3*o = 0, 2*o + 36 = 4*k + 3*o. What is the tens digit of 1*13 - (k - 10)?
1
Let h(l) = 6*l**2 - l - 1. Let i be h(-1). Let c(m) = -m**2 + 6*m - 2. Let t be c(i). What is the units digit of 2 + t + 8/2?
4
Suppose 2*b - 4 = -0. Suppose 3*x - 2 = -b*t, -5*t = -0*t + 2*x - 27. Suppose t*o - 9 = 4*o. What is the units digit of o?
3
Let r = -11 + 75. What is the units digit of r?
4
What is the tens digit of ((-24)/(-20))/((-4)/(-320))?
9
Suppose 0 = -j - 3*q - 1, -3*q - 5 + 0 = -j. Let v = 27 + j. What is the tens digit of v?
2
Suppose -10 = -5*d - 0*d. Let v be (1 - 0)*(d - 2). Suppose -x + 9 = -v*x. What is the units digit of x?
9
Let n = 3 - 2. Let b(i) = i + 10. Let j be b(-8). What is the units digit of j + -1 + 3*n?
4
Suppose -a = 2*a. Suppose 2*g - g - 17 = a. What is the units digit of g?
7
Let o = -9 - -15. What is the units digit of o?
6
Suppose -2*y = -2*c - 6*y + 8, -3*c - 5*y = -8. Let w be (c/(-2))/(1/4). Let v = w + 1. What is the units digit of v?
9
Suppose 104 + 12 = 4*u. Let t = u + -18. What is the units digit of t?
1
Let a = 33 - 7. Suppose 2*d + 55 = -4*v + 3*d, 2*v + a = 2*d. Let y = 4 - v. What is the tens digit of y?
1
Let a = 5 - 0. Suppose 2*h - 102 = -g + a*g, -3*h + 33 = -g. Let o = 35 + g. What is the tens digit of o?
1
Suppose 0*j + 24 = 6*j. Suppose -j*b = -0*b - 160. What is the units digit of b?
0
Let p = -13 - -13. Suppose -2*i + 84 - 14 = p. What is the tens digit of i?
3
Let h be 3/(-3)*-2 + 0. Suppose y = l - 3, -2*y = h*l + 3*y + 1. What is the units digit of l?
2
Let r = 19 + -3. Suppose p - 5*p - r = 0. What is the units digit of p/(-14) - 19/(-7)?
3
Suppose 139 = 12*u - 11*u. What is the hundreds digit of u?
1
Let i be (5/(-2))/((-6)/36). Suppose 0 = p + 1 + 1, -54 = 5*o + 2*p. Let u = o + i. What is the